{"id":6,"date":"2015-05-27T07:57:27","date_gmt":"2015-05-27T06:57:27","guid":{"rendered":"http:\/\/www.lagoaazul-normandie.fr\/wpress\/?page_id=2"},"modified":"2018-01-30T18:24:12","modified_gmt":"2018-01-30T17:24:12","slug":"le-groupe","status":"publish","type":"page","link":"http:\/\/www.lagoaazul-normandie.fr\/newlagoa\/le-groupe\/","title":{"rendered":"L&rsquo;histoire de la Capoeira"},"content":{"rendered":"<p><strong>Ra\u00edzes\u00a0africanas\u00a0<\/strong><\/p>\n<p><img loading=\"lazy\" class=\"alignnone size-medium wp-image-484\" src=\"http:\/\/www.lagoaazul-normandie.fr\/newlagoa\/wp-content\/uploads\/2018\/01\/img-2-300x200.jpg\" alt=\"\" width=\"300\" height=\"200\" srcset=\"http:\/\/www.lagoaazul-normandie.fr\/newlagoa\/wp-content\/uploads\/2018\/01\/img-2-300x200.jpg 300w, http:\/\/www.lagoaazul-normandie.fr\/newlagoa\/wp-content\/uploads\/2018\/01\/img-2.jpg 450w\" sizes=\"(max-width: 300px) 100vw, 300px\" \/><\/p>\n<p><strong><em>Racines Afraicaines<\/em><\/strong><\/p>\n<p><em>L\u2019histoire de la capoeira d\u00e9marre au XVI\u00e8 si\u00e8cle,\u00a0 \u00e0 cette \u00e9poque le Br\u00e9sil \u00e9tait une colonie portugaise.<\/em><\/p>\n<p><em>La main d\u2019\u0153uvre esclave africaine a beaucoup \u00e9t\u00e9 utilis\u00e9e au Br\u00e9sil, principalement dans les fermes productrices de sucre, au nord-est br\u00e9silien.<\/em><\/p>\n<p><em>Beaucoup de ces esclaves venaient de la r\u00e9gion d\u2019Angola, aussi colonie portugaise.<\/em><\/p>\n<p><em>Les angolais, en Afrique, dansaient beaucoup au son de musiques\u2026<\/em><\/p>\n<p><em>En arrivant au Br\u00e9sil, les africains ont compris la n\u00e9cessit\u00e9 de d\u00e9velopper des moyens de protection contre la violence et la r\u00e9pression des colonisateurs br\u00e9siliens.<\/em><\/p>\n<p><em>Ils \u00e9taient sans cesse cible de pratiques violentes et de punitions de la part des \u00ab\u00a0seigneurs\u00a0\u00bb des fermes. Quand ils s\u2019\u00e9chappaient, ils \u00e9taient poursuivis par les \u00ab\u00a0capitaines des bois\u00a0\u00bb.<\/em><\/p>\n<p><img loading=\"lazy\" class=\"alignnone size-medium wp-image-485\" style=\"font-weight: inherit;\" src=\"http:\/\/www.lagoaazul-normandie.fr\/newlagoa\/wp-content\/uploads\/2018\/01\/t172_img1-300x117.jpg\" alt=\"\" width=\"300\" height=\"117\" srcset=\"http:\/\/www.lagoaazul-normandie.fr\/newlagoa\/wp-content\/uploads\/2018\/01\/t172_img1-300x117.jpg 300w, http:\/\/www.lagoaazul-normandie.fr\/newlagoa\/wp-content\/uploads\/2018\/01\/t172_img1.jpg 400w\" sizes=\"(max-width: 300px) 100vw, 300px\" \/><\/p>\n<p><em>Les seigneurs ont interdit aux esclaves tout type de lutte.<\/em><\/p>\n<p><em>De ce fait, les esclaves ont utilis\u00e9 le rythme et les mouvements de leurs danses africaines, et en les adaptant \u00e0 un type de lutte.<\/em><\/p>\n<p><em>Ainsi n\u00e9e la Capoeira, un art martial d\u00e9guis\u00e9 en danse.<\/em><\/p>\n<p><em>Cela fut un instrument important pour la r\u00e9sistance culturelle et physique des esclaves br\u00e9siliens.<\/em><\/p>\n<p><em>La pratique de la capoeira avait lieu sur des terrains proches des \u00ab\u00a0senzalas\u00a0\u00bb (hangars qui servaient de dortoir aux esclaves) et avaient pour fonctions principales le maintien de la culture, l\u2019\u00e9vacuation du stress d\u00fb au travail et le maintien de la sant\u00e9 physique.<\/em><\/p>\n<div id=\"attachment_483\" style=\"width: 310px\" class=\"wp-caption alignnone\"><img aria-describedby=\"caption-attachment-483\" loading=\"lazy\" class=\"size-medium wp-image-483\" src=\"http:\/\/www.lagoaazul-normandie.fr\/newlagoa\/wp-content\/uploads\/2018\/01\/senzala-300x199.jpg\" alt=\"\" width=\"300\" height=\"199\" srcset=\"http:\/\/www.lagoaazul-normandie.fr\/newlagoa\/wp-content\/uploads\/2018\/01\/senzala-300x199.jpg 300w, http:\/\/www.lagoaazul-normandie.fr\/newlagoa\/wp-content\/uploads\/2018\/01\/senzala.jpg 550w\" sizes=\"(max-width: 300px) 100vw, 300px\" \/><p id=\"caption-attachment-483\" class=\"wp-caption-text\">Senzala<\/p><\/div>\n<p><em>Bien souvent, les luttes avaient lieu dans des prairies avec des petits arbustes, appel\u00e9s \u00e0 l\u2019\u00e9poque \u00ab\u00a0capoeira\u00a0\u00bb, d\u2019o\u00f9 le nom de cette lutte.<\/em><\/p>\n<p><em>Jusqu\u2019\u00e0 l\u2019ann\u00e9e 1930\u00a0, la pratique de la capoeira \u00e9tait prohib\u00e9e au Br\u00e9sil, car elle \u00e9tait per\u00e7ue comme une pratique violente et subversive.<\/em><\/p>\n<p><em>La police avait pour ordre d\u2019arr\u00eater les capoeiristas et les emprisonner.<\/em><\/p>\n<p><em>En 1930, un important capoeirista br\u00e9silien, Mestre Bimba, a pr\u00e9sent\u00e9 la lutte au Pr\u00e9sident G\u00e9tulio Vargas. Celui-ci a tellement appr\u00e9ci\u00e9 cette forme d\u2019art, qu\u2019il l\u2019a transform\u00e9 en sport national br\u00e9silien.<\/em><\/p>\n<div id=\"attachment_482\" style=\"width: 210px\" class=\"wp-caption alignnone\"><img aria-describedby=\"caption-attachment-482\" loading=\"lazy\" class=\"size-full wp-image-482\" src=\"http:\/\/www.lagoaazul-normandie.fr\/newlagoa\/wp-content\/uploads\/2018\/01\/bimba.jpg\" alt=\"\" width=\"200\" height=\"252\" \/><p id=\"caption-attachment-482\" class=\"wp-caption-text\">Mestre Bimba<\/p><\/div>\n<p><strong><em>Trois styles de capoeira<\/em><\/strong><\/p>\n<p><em>La capoeira poss\u00e8de 3 styles qui se diff\u00e9rencient par les mouvements et le rythme musical.<\/em><\/p>\n<p><em>Le plus ancien, cr\u00e9e \u00e0 l\u2019\u00e9poque de l\u2019esclavage, c\u2019est la Capoeira de Angola, dont les principales caract\u00e9ristiques sont un rythme lents, des coups pr\u00e8s du sol et beaucoup de malice.<\/em><\/p>\n<p><img loading=\"lazy\" class=\"alignnone size-medium wp-image-486\" style=\"font-weight: inherit;\" src=\"http:\/\/www.lagoaazul-normandie.fr\/newlagoa\/wp-content\/uploads\/2018\/01\/t\u00e9l\u00e9chargement.jpg\" alt=\"\" width=\"259\" height=\"194\" \/><\/p>\n<p><em>Le style R\u00e9gional fut cr\u00e9\u00e9 par Mestre Bimba, se caract\u00e9rise par un jeu plus v\u00e9loce, avec des mouvements au son du Berimbau. Les coups sont rapides et secs.<\/em><\/p>\n<p><em>Le 3<sup>\u00e8me<\/sup> style, c\u2019est le Contempor\u00e2neo, qui m\u00e9lange un peu des deux premiers styles. Celui-ci est le plus pratiqu\u00e9 actuellement.<\/em><\/p>\n<p><em>Cela-dit, il est important de rappeler que la capoeira est une seule\u00a0: Capoeira de Angola, consid\u00e9r\u00e9e comme la m\u00e8re de tous les styles et la plus proche de la capoeira jou\u00e9e par les esclaves africains.<\/em><\/p>\n<p><strong>Le saviez-vous\u00a0?<\/strong><\/p>\n<p><em>Le 26 novembre 2014, l\u2019UNESCO a d\u00e9clar\u00e9 la roda (ronde\/cercle) de capoeira comme patrimoine immat\u00e9riel de l\u2019humanit\u00e9. En accord avec l\u2019organisation, la capoeira repr\u00e9sente la lutte et la r\u00e9sistance des Noirs br\u00e9siliens contre l\u2019esclavage pendant la p\u00e9riode coloniale et imp\u00e9riale de notre histoire.<\/em><\/p>\n<p><img loading=\"lazy\" class=\"alignnone  wp-image-488\" src=\"http:\/\/www.lagoaazul-normandie.fr\/newlagoa\/wp-content\/uploads\/2018\/01\/unesco1-300x200.jpg\" alt=\"\" width=\"153\" height=\"102\" srcset=\"http:\/\/www.lagoaazul-normandie.fr\/newlagoa\/wp-content\/uploads\/2018\/01\/unesco1-300x200.jpg 300w, http:\/\/www.lagoaazul-normandie.fr\/newlagoa\/wp-content\/uploads\/2018\/01\/unesco1.jpg 748w\" sizes=\"(max-width: 153px) 100vw, 153px\" \/><\/p>\n","protected":false},"excerpt":{"rendered":"<p>Ra\u00edzes\u00a0africanas\u00a0 Racines Afraicaines L\u2019histoire de la capoeira d\u00e9marre au XVI\u00e8 si\u00e8cle,\u00a0 \u00e0 cette \u00e9poque le Br\u00e9sil \u00e9tait une colonie portugaise. La main d\u2019\u0153uvre esclave africaine a beaucoup \u00e9t\u00e9 utilis\u00e9e au Br\u00e9sil, principalement dans les fermes productrices de sucre, au nord-est br\u00e9silien. Beaucoup de ces esclaves venaient de la r\u00e9gion d\u2019Angola, aussi colonie portugaise. Les angolais, [&hellip;]<\/p>\n","protected":false},"author":1,"featured_media":0,"parent":0,"menu_order":0,"comment_status":"closed","ping_status":"closed","template":"","meta":{"extendify_custom_stylesheet":""},"_links":{"self":[{"href":"http:\/\/www.lagoaazul-normandie.fr\/newlagoa\/wp-json\/wp\/v2\/pages\/6"}],"collection":[{"href":"http:\/\/www.lagoaazul-normandie.fr\/newlagoa\/wp-json\/wp\/v2\/pages"}],"about":[{"href":"http:\/\/www.lagoaazul-normandie.fr\/newlagoa\/wp-json\/wp\/v2\/types\/page"}],"author":[{"embeddable":true,"href":"http:\/\/www.lagoaazul-normandie.fr\/newlagoa\/wp-json\/wp\/v2\/users\/1"}],"replies":[{"embeddable":true,"href":"http:\/\/www.lagoaazul-normandie.fr\/newlagoa\/wp-json\/wp\/v2\/comments?post=6"}],"version-history":[{"count":4,"href":"http:\/\/www.lagoaazul-normandie.fr\/newlagoa\/wp-json\/wp\/v2\/pages\/6\/revisions"}],"predecessor-version":[{"id":489,"href":"http:\/\/www.lagoaazul-normandie.fr\/newlagoa\/wp-json\/wp\/v2\/pages\/6\/revisions\/489"}],"wp:attachment":[{"href":"http:\/\/www.lagoaazul-normandie.fr\/newlagoa\/wp-json\/wp\/v2\/media?parent=6"}],"curies":[{"name":"wp","href":"https:\/\/api.w.org\/{rel}","templated":true}]}}